 is divided by ((-28)/i)/(2/30).
2
Let l(r) = 44*r**2 - 8*r - 15. What is the remainder when l(-2) is divided by 59?
0
Let c(w) = -w**3 + 6*w**2 - w + 2. Let m = 20 - 12. What is the remainder when c(5) is divided by m?
6
What is the remainder when 117 is divided by (-129)/(-12)*2 - (-3)/(-2)?
17
Suppose 0 = -43*v + 9*v + 374. Suppose -5*b + b + 300 = 0. Calculate the remainder when b is divided by v.
9
What is the remainder when -2*((-1228)/8 - -3)*1 is divided by 38?
35
Let o be (-28)/(-7) + (-2)/2. Suppose 5*i + t = 4*i + o, 17 = -5*i + 3*t. Calculate the remainder when (0 - i) + 128/8 is divided by 6.
5
Let d = 14 - 11. Let i be ((-4)/4)/(d/33). Let c = -9 - i. What is the remainder when c is divided by 2?
0
Let x(g) = 19*g - 60. Let y be x(8). Suppose 3*t = y + 10. What is the remainder when t is divided by 7?
6
Let l be -4 + (-54)/(-1 + 3). Let i = l + 52. Calculate the remainder when 102 is divided by i.
18
Let l be (1 + -2 - -1)/(-1). Suppose -4*a - z + 40 = l, 3*a + 3*z = -z + 17. Calculate the remainder when 52 is divided by a.
8
Let s be 5 - -229 - 4/(-8)*-2. Suppose -7*t + 1013 = -s. Calculate the remainder when t is divided by 36.
34
Let l(y) = -2*y**3 - 20*y**2 - 49*y - 28. What is the remainder when l(-11) is divided by 84?
81
Let q = -5 - -6. Let w be (-1)/((-2)/(-4))*q. Calculate the remainder when w/(-4) + 140/8 is divided by 5.
3
Suppose -5*x = 2*l - 202, -19*x - 204 = -24*x - 4*l. Calculate the remainder when 128 is divided by x.
8
Let y = 46 - 34. Calculate the remainder when (-16)/y*9*(-46)/8 is divided by 18.
15
Suppose -54*s = -51*s - 183. What is the remainder when s is divided by 2?
1
Let l = -122 + 187. Let w = l - 60. What is the remainder when (-2)/11 + 246/22 is divided by w?
1
Suppose 5*c = g - 617, -14*g = -9*g + 5*c - 3085. Calculate the remainder when g is divided by 31.
28
Let f = -280 + 309. Calculate the remainder when f is divided by 3.
2
Let z(l) = -81*l**3 + 4*l**2 + 2*l - 1. What is the remainder when z(-1) is divided by 11?
5
Let z be 3 + (-38)/8 + (-1)/4. What is the remainder when 32 is divided by (4*(-5)/30)/(z/21)?
4
Suppose 2*x - 2*u - 2*u = 128, 3*u = -15. What is the remainder when (5 + -8)*4/12 + 214 is divided by x?
51
Suppose 0 = -9*d + 782 + 5194. Calculate the remainder when d is divided by 18.
16
Suppose 0 = -y - 147 + 189. What is the remainder when 373 is divided by y?
37
Let a(y) = y**2 - 25*y + 100. What is the remainder when 47 is divided by a(21)?
15
Let z be (-6 + 6)/(0 - -2). Suppose -n - 15 + 53 = z. Suppose 0 = -0*k + k - n. Calculate the remainder when k is divided by 8.
6
Let a(s) = s**3 + 6*s**2 + 2*s - 6. Calculate the remainder when 70 is divided by a(-5).
7
Let b(q) = 2*q**2 + q - 4*q - q**2 - 10. Suppose l + 0 = 7. What is the remainder when b(-4) is divided by l?
4
Let m(w) = w**2 + 6*w. Let x be m(-5). Calculate the remainder when 74 is divided by ((-167)/(-5) - 8) + (-3)/x.
22
Let a(c) be the third derivative of c**4/8 - 11*c**3/6 - 11*c**2. What is the remainder when 99 is divided by a(12)?
24
Let q = -662 + 670. What is the remainder when 63 is divided by q?
7
Suppose -n - 32 = w, 0 = 3*w + 4*n - 0*n + 92. Let r = w - 3. What is the remainder when ((-248)/6)/(26/r) is divided by 13?
10
Let x = -26 + 22. What is the remainder when 93 is divided by (x + 28)*(-2 - -3)?
21
Let z be (12/8)/((-1)/(-2)). Let g(x) = 2*x - 15. Let y(k) = k - 2. Let o(r) = -g(r) + 5*y(r). What is the remainder when 39 is divided by o(z)?
11
Suppose 0 = v + 3*i, -4*i - 3 = 17. Calculate the remainder when 192 is divided by v.
12
Let p(t) = -t**2 + 7*t + 10. Let k be p(8). Suppose -6 = 2*s, -4*m + 5*s - 3*s - 18 = 0. Calculate the remainder when m - (-6)/k - -32 is divided by 10.
9
Let i = -108 - -133. What is the remainder when 649 is divided by i?
24
Suppose -50*a + 205 = -45*a. Suppose x + x = s - 6, -5*x + 3 = -s. Let d = s + 2. Calculate the remainder when a is divided by d.
13
Suppose 0 = -10*u + 7 + 13. Suppose -u*w = -3*l + l - 112, 3*w - 2*l - 167 = 0. Calculate the remainder when w is divided by 19.
17
Let w = 328 + -264. What is the remainder when 338 is divided by w?
18
Let r = 2 + 2. Let z be (-4*3/(-12))/1. Suppose r*j + z = 5. What is the remainder when 4 is divided by j?
0
Suppose -53*m = -65*m + 108. What is the remainder when 188 is divided by m?
8
Calculate the remainder when 69 is divided by ((-15)/(-9) + 5)*3.
9
Suppose -3*c - 23 = -u, -4*u + 57 = -u - 5*c. Suppose 3*v = -12, -4*i - v + 161 = -i. What is the remainder when i is divided by u?
13
Suppose -151 = -9*i - 7. What is the remainder when i is divided by 5?
1
Let h(m) = 21*m**2 + 3*m + 2. Let k(q) = -20*q**2 - 3*q - 1. Let o(t) = -3*h(t) - 4*k(t). Calculate the remainder when o(-3) is divided by 36.
34
Let y be (-1 + -2 + 1)*(-106)/(-4). Let b = 68 + y. Calculate the remainder when b is divided by 9.
6
Suppose -1590 = -14*u - 568. Let i = -2 - -23. What is the remainder when u is divided by i?
10
Let y = 660 - 590. Suppose -g = -6*g + 40. Calculate the remainder when y is divided by g.
6
Let k = 12 - 5. Let i = 429 + -424. Calculate the remainder when k is divided by i.
2
Let s be 15 + 0 + -2 - 1. Let w = s - 26. Let u = w - -21. What is the remainder when u is divided by 3?
1
Let i = 66 + -61. Suppose -6*d + i*d = -40. Calculate the remainder when d is divided by 21.
19
Let u(a) = -a**2 + a + 1. Let z(i) = -7*i**2 + 5*i - 14. Let g(f) = 6*u(f) - z(f). Let h be g(0). Let j = h - 0. What is the remainder when 57 is divided by j?
17
Suppose h - 27 = 2*k - 91, -4*k + h + 126 = 0. Let o(g) = g**2 - 6*g + 4. Calculate the remainder when k is divided by o(6).
3
Let p(g) = g**2 - g + 2. Suppose -b + 36 = b - 3*y, -4*b + 3*y + 84 = 0. Let c = b - 27. What is the remainder when 67 is divided by p(c)?
11
Suppose -3*d = -5*z - 116 - 43, 2*z + 106 = 2*d. Calculate the remainder when d is divided by 18.
17
Suppose -3*x = -3*p + 20 - 104, -102 = -3*x - 3*p. What is the remainder when 89 is divided by x?
27
Suppose 0 = -14*w - 29*w + 430. What is the remainder when 122 is divided by w?
2
Suppose 6*g = -2*z + 2*g + 6, -15 = 5*g. Let b = 3 + -3. Suppose -x + 6*x - 130 = b. Calculate the remainder when x is divided by z.
8
Let b be 3 + (-9)/3*-1. Let w = 40 - b. Calculate the remainder when 62 is divided by w.
28
Let o = -6 - -21. Suppose 0 = 16*y - o*y - 24. Calculate the remainder when 46 is divided by y.
22
Let f(s) = -s**2 - 4*s + 7. Let k be f(-5). Suppose k = 2*u - 2. Let l(y) = y**3 + 8*y**2 - y - 6. Calculate the remainder when u is divided by l(-8).
0
Suppose -2*b - 3*y = -52, -3*b - 9*y + 5*y = -77. What is the remainder when 104 is divided by b?
12
What is the remainder when 474 is divided by (4/6)/(17/2040)?
74
Let a(z) = z**2 - 25*z - 432. Calculate the remainder when a(44) is divided by 137.
130
Let c = 166 + -100. Let h = 39 + -22. Calculate the remainder when c is divided by h.
15
Let w(l) = 2*l**3 - 8*l**2 - l. Let n be w(6). Suppose 0 = -5*j - d - n, -4*j + d = -3*j + 24. What is the remainder when (-36)/j*(-63)/(-2) is divided by 23?
19
Let i = -95 - -90. What is the remainder when (i + (2 - 0))*(-38)/6 is divided by 10?
9
Calculate the remainder when 48 is divided by 1/10 - 2232/(-80).
20
Suppose 74 = 4*a - 3*a + 2*z, 0 = -a - 5*z + 68. Let h = a + -60. Calculate the remainder when 250 is divided by h.
16
Suppose 4*u + 2 = 3*u. Suppose 6 = 3*g + 9. Calculate the remainder when (13 - (4 + u)) + g is divided by 4.
2
Let l be (-3 - 22/(-6))*3. Suppose 4*k - 18 = l*k. What is the remainder when 25 is divided by k?
7
Suppose -3*n = 5*o - 49, 3*o + 3*n - 33 = -0*n. Let l(q) = -q**3 + 10*q**2 - 11*q + 1. What is the remainder when l(o) is divided by 11?
8
Let c be 2*3/((-3)/(-2)). Suppose 8*b = c*b + 164. Calculate the remainder when 122 is divided by b.
40
Let b be 175*-2*12/(-28). Calculate the remainder when 93 is divided by 8/(-10)*11/((-55)/b).
21
Suppose -5*q + 2*z = -2, q + 3 = 3*z - 7. What is the remainder when 79 is divided by q?
1
Let p(v) = 2*v - 58. Let n be p(0). Let j be -4 - 1*n - 1. Suppose 14 = 2*o - 3*z, -j = -5*o + 3*z - 9. What is the remainder when o is divided by 2?
0
What is the remainder when 1281 + (4 - (-8 + 1)) is divided by 37?
34
Suppose -12 = -2*u - 0*u. Suppose -24 = -5*i + 6. Suppose -i